m(r) = 2*g(r) - 3*n(r). Give m(-25).
-2
Let l(j) = j + 11. Let w = 174 - 176. Let n(f) = 6*f + 57. Let c(r) = w*n(r) + 11*l(r). Determine c(0).
7
Let f be (-954)/7 + (-2)/(-7). Let w be (-2)/(-11) - f/(-22). Let z(o) = -4 + 268*o - 434*o + 165*o. Give z(w).
2
Let k(y) be the third derivative of -y**6/120 - y**5/60 - y**4/24 - y**3 - 250*y**2. Let f = -48 - -48. Give k(f).
-6
Let s(r) be the second derivative of -r**4/12 - 5*r**3/6 + 5*r**2 + 6*r. Let c = 63 + -78. Let m = -22 - c. Give s(m).
-4
Suppose 14*z - 667 = -527. Let i(p) = p**3 + 3*p**3 + 9*p - p**3 + 9*p**2 - 4*p**3 + 6. What is i(z)?
-4
Let q(y) = 2*y**2 - 9*y + 5. Let f be (-42 + 41)/(19/(-5) + (2 - -2)). Determine q(f).
100
Let f(o) = -2*o**2 + 0*o + 3 + o + o - 4. Let y be ((-66)/(-12) + -6)/(1/(-24)). Suppose -9*s + 6 = -y*s. Give f(s).
-13
Let x = -38 - -47. Suppose 0 = -x*b + 10*b - 13. Let j(s) = -s**3 + 14*s**2 - 14*s + 17. Let y be j(b). Let o(g) = g**2 - 3*g + 1. Calculate o(y).
5
Let x(b) be the first derivative of -b**3/6 - 3*b**2 + 117*b - 131. Let o(u) be the first derivative of x(u). Calculate o(-5).
-1
Let t(q) = -102*q - 1322. Let m be t(-13). Let i(h) = -3*h**2 + 14*h - 6. What is i(m)?
2
Let v(o) = -o - 18. Let l = -225 + 408. Let s = 175 - l. Determine v(s).
-10
Suppose 4*y + 64 = -3*k, 5*y + 3*k + 15 = -68. Let l(r) = 6550*r**2 - 6532*r**2 + r**3 + 1524 - 20*r - 1540. Give l(y).
3
Let h(x) = -x**2 - 13*x + 1. Let m be h(-9). Let a = m + -22. Suppose 5*t - 3*t + 10 = -i, -3*t = i + a. Let q(b) = b**3 + 4*b**2 - 4*b + 6. What is q(t)?
1
Let n be (24/(-10))/((-12)/32*12/(-15)). Let a(o) = -15*o - 70. Calculate a(n).
50
Suppose m + 0 - 3 = 0. Let b be (-1)/m*-3*6. Let w(c) = 29 + 0*c - 14 - c - 13. What is w(b)?
-4
Let r = -7745 - -7733. Let m(p) = -p**3 - 12*p**2 + 27. What is m(r)?
27
Let g(p) be the first derivative of 1/6*p**3 + 8 - 1/2*p**2 + 1/20*p**5 + 1/12*p**4 - 5*p. Let i(w) be the first derivative of g(w). Determine i(0).
-1
Suppose 4*r = -0*r. Let l(f) = f - 483 + 504 - 20*f**2 + 19*f**2. Determine l(r).
21
Suppose -4*s = 4*k - 1512, 5*s + 469 - 2355 = -3*k. Suppose -5*a - 61 = -s. Suppose a = -10*y - 17. Let g(n) = -n**2 - 8*n + 3. Give g(y).
3
Let u(d) = -3262*d + 3*d**2 - 2*d**2 - 7 - 1 + 1623*d + 1621*d. Calculate u(17).
-25
Let b(n) = -n**3 + 8*n**2 - 8*n + 10. Suppose 5*q + 12 = 9*q. Suppose -2*o = -q*d - d - 20, 5*d = -20. Suppose -9 = -x - o*x + 3*y, 4*y = x + 9. Calculate b(x).
3
Let g(p) = 2*p**2 + 3*p + 1. Let d be g(-3). Let h(i) = 10*i + 87*i**3 + i**2 - 84*i**3 - d*i. Determine h(1).
4
Let f be (-2)/30 + (-1952)/(-480) + -8. Let r(n) = 33*n + 6. Calculate r(f).
-126
Let j(g) = -11*g + 36. Let w(h) = 11*h - 38. Let r(n) = 6*j(n) + 5*w(n). Let c be r(2). Let u(v) = v**3 - 6*v**2 + 5*v - 4. Determine u(c).
-16
Let b(x) be the first derivative of -x**3/3 + 3*x**2 + 27*x - 31. Let q(d) be the first derivative of b(d). Determine q(5).
-4
Let t = 457 + -455. Let u(b) = -b - 3 - 222*b**t + 4 + 223*b**2 + 2*b - 3. Determine u(-2).
0
Suppose 0 = 4*x + 4*t + 10 - 6, 0 = 3*x - 2*t + 23. Let r(h) be the second derivative of -11/2*h**2 - 1/6*h**3 + 0 + 3*h. Give r(x).
-6
Let n(f) = -f**2 - 5*f - 1. Let i(t) = -t**2 - 5*t - 11. Let x(q) = 2*q**2 + 17*q - 11. Let v be x(-9). Let l be i(v). Determine n(l).
-1
Suppose -24 + 24 = -4*j. Let d(f) = f**3 - f**2 + 2*f + 8. Determine d(j).
8
Let j(u) = -115*u - 1248. Let z be j(-11). Let m(g) be the second derivative of -1/20*g**5 - z*g + 0 - 1/3*g**3 - 5/12*g**4 + g**2. Determine m(-4).
-6
Let o = -24 + 46. Let d(n) = -8234087 + 107*n + 8234107 - n**2 - 86*n. Give d(o).
-2
Let p(y) = 14*y**2 - 4*y + 4. Let t(l) = 3*l**2 - l + 2. Let b(q) = -p(q) + 4*t(q). Suppose -8*v + 3*v = 0. What is b(v)?
4
Suppose -212 + 967 = 5*i. Let t = 144 - i. Let h(c) = c**2 + 6*c - 3. Give h(t).
4
Let n(o) = -29*o + 20. Let r(q) = -10*q + 7. Let m(k) = -4*n(k) + 11*r(k). Determine m(1).
3
Let s(t) = 3 - 1510*t**3 + 3016*t**3 - 1508*t**3 - 12*t + 8*t. Give s(1).
-3
Let z(d) = -5*d**3 - 594*d**2 + 118*d - 117. Let q be z(-119). Let v(u) be the first derivative of -1/2*u**q - 3*u - 11. What is v(-3)?
0
Let c(r) = -53*r + 10. Let s(p) = -19*p + 2. Let x(w) = 4*c(w) - 11*s(w). Calculate x(-8).
42
Let m = 2 + 1. Let y be (18 - 9) + (2 - m). Suppose 5*b = 2*c - 3 + 5, 3*c + y = 5*b. Let z(s) = -s**2 - 6*s + 3. Give z(c).
3
Suppose 0 = 3*v - f - 6, v - 4*f + 3 + 6 = 0. Suppose 31 = 5*i - 4*o, 2*i + 5 = -v*o - 1. Let p(g) = -2 - 4*g**2 + i*g**2 - 7*g - 6 + 3. Calculate p(-6).
1
Let g(v) = -v**3 - 10*v**2 - 8*v + 6. Let w(t) = -t**3 + 2*t**2 + 46. Let h be w(0). Let k = h - 47. Let l = -8 + k. What is g(l)?
-3
Let u(f) be the third derivative of -1/60*f**5 - f**3 + 0*f - 1/8*f**4 - 59 + 2*f**2. Give u(-5).
-16
Let h(v) = v**3 - 2*v**2 - 2*v + 4. Let j(l) = -5*l**2 + 9*l + 5. Let m(d) = -4*d**2 + 8*d + 4. Let q(y) = -5*j(y) + 6*m(y). Let o be q(-4). Determine h(o).
7
Let z = 1 + 4. Suppose 4 = 2*d, 1 = 2*o - 2*d - z. Suppose 5*a - 10 = -3*t + 20, 0 = 5*t + o*a - 40. Let s(l) = -l**2 + 6*l + 7. What is s(t)?
12
Let u(g) = g**2 + g - 1. Let s(f) = 18*f**2 + 10 - 4*f**3 + 8 + 3*f**3 + 18*f + 9. Let h be s(19). Suppose 1 = -9*o - h. Give u(o).
-1
Let a(l) = 6*l**2 + 56*l - 2. Let u be a(-11). Let c = -72 - 28. Let s = u + c. Let g(y) = -y**2 + 9*y - 7. What is g(s)?
1
Let p(o) = -5*o - 6. Suppose -12*m + 73*m - 366 = 0. Let n = -1 + -16. Let v(j) = -14*j - 17. Let g(i) = m*v(i) + n*p(i). Calculate g(1).
1
Let b(x) = x - 5. Let p be b(5). Suppose p = 3*s - 5 - 7, 0 = 3*r + 3*s - 30. Let w(t) be the first derivative of t**3/3 - 7*t**2/2 - t + 8. What is w(r)?
-7
Let g(p) = -5*p - 15. Let m(o) = o + 3. Let x(l) = 2*g(l) + 11*m(l). Let c = -9 - -4. Let j be x(c). Let n(b) = -b**3 - b**2 + b - 1. Determine n(j).
1
Let c be 3 - (8 + (1 - 8) + 4). Let i = -2 + 8. Let s(z) = 0 + i*z + 2 - 4*z - 1. Determine s(c).
-3
Let r(j) be the first derivative of -7*j**2 + 14*j + 83. Let c(g) = -8*g + 8. Let b(i) = -11*c(i) + 6*r(i). Give b(3).
8
Let t(q) = 7*q + 24. Let p(i) = 2*i + 3. Let y(m) = -4*p(m) + t(m). Suppose -12*d + 9*d - 36 = -3*o, -o + 2*d = -17. Give y(o).
5
Let t = 554 - 537. Suppose -3*u - 44*h = -43*h - t, 27 = 4*u - 3*h. Let z(p) = 2*p**2 - 7*p - 6. Calculate z(u).
24
Let v(k) be the third derivative of -k**4/12 - 41*k**3/6 - 3349*k**2 + 2. Determine v(14).
-69
Suppose 0 = 9*o - 23180 + 23207. Let s(q) = -5*q**3 - 17*q**2 - 3*q - 4. Give s(o).
-13
Let v(x) = x**3 - 12*x**2 + 22*x + 2. Suppose 131*b = 162 + 1206 - 58. Determine v(b).
22
Let v(b) = -b**2 - b - 1. Let f(w) = -w**2 + 9 - 2*w + 16 + 17 - 45. Let a(d) = -f(d) + 2*v(d). Determine a(-1).
0
Let z be (40/(-15) - 2)*-15 - -2. Suppose -36*h + z = -27*h. Let j(n) = n**3 - 7*n**2 - 5*n - 18. Give j(h).
6
Let f(c) = -17 - 46 + 9*c**2 + 68 - 31 - 118*c + 215*c. Give f(-11).
-4
Let a(w) = w**2 - 7*w - 6. Let s be a(8). Let j(c) = -5*c + s*c - 5 + 2*c - 4. Let p = 4332 + -4336. Calculate j(p).
-5
Let o(t) = -241*t + 13. Let s be o(9). Let g be 1/(-3) - s/42. Let x = g + -44. Let i(j) = j**3 - 7*j**2 + j - 5. Give i(x).
2
Let p(b) = 8*b + 9. Let v be p(-1). Let g(j) = -4*j**2 - 5*j + 4. What is g(v)?
-5
Let j(k) = k**2 + 8*k - 10. Let v be j(-9). Let i(w) = 6*w**2 + 1648*w - 3269*w + 1618*w - 2. Calculate i(v).
7
Let j(s) = -2*s**3 + 8*s**2 + 7*s - 7. Suppose 4*p = 5*b + 160 - 169, 2*b + 5*p = 30. Calculate j(b).
-22
Suppose 4*n - n - 4*h = -1, 1 = -4*n + 5*h. Let k(i) = 23*i - 20. Determine k(n).
3
Let z(u) = u**2 + 5*u - 5. Let d(i) = -i**2 - 6*i + 6. Let n(a) = 7*a + 143. Let g be n(-21). Let j(s) = g*z(s) - 3*d(s). Determine j(-5).
-13
Let n(p) be the first derivative of p**7/40 - p**3 - p**2 + 119. Let r(y) be the third derivative of n(y). Give r(-1).
-21
Let h(o) = 3*o**2 - 2*o + 1. Let u be 136*(-7)/(28/3). Let a = 98 + u. Let f be a/(-1)*9/12. What is h(f)?
22
Suppose 3*f - g - 24 = -f, 2*g = -f + 6. Let o(q) = -30*q + 29. Calculate o(f).
-151
Let m(k) = -13*k - 7. Let j(p) = -29*p - 12. Let v(b) = -6*j(b) + 13*m(b). Calculate v(9).
26
Let z(i) be the first derivative of i**4/4 - 17*i**3/3 - 19*i**2/2 + 22*i - 62. Suppose 0*t = t - 18. Let m be z(t). Let y(k) = 2*k + 1. Calculate y(m).
9
Let c(r) = r**2 - 3*r - 6. Let b(p) = -2*p**2 + 3*p + 9. Let h(y) = 2*b(y) + 3*c(y). Suppose 22*l - 27